{"id":222,"date":"2017-04-26T12:19:59","date_gmt":"2017-04-26T10:19:59","guid":{"rendered":"https:\/\/con5sentidos.com\/nueva\/?page_id=222"},"modified":"2021-08-03T06:44:54","modified_gmt":"2021-08-03T04:44:54","slug":"blog","status":"publish","type":"page","link":"https:\/\/con5sentidos.com\/?page_id=222","title":{"rendered":"Blog"},"content":{"rendered":"\t\t<div data-elementor-type=\"wp-page\" data-elementor-id=\"222\" class=\"elementor elementor-222\" data-elementor-post-type=\"page\">\n\t\t\t\t\t\t<section class=\"elementor-section elementor-top-section elementor-element elementor-element-f1cb721 elementor-section-boxed elementor-section-height-default elementor-section-height-default\" data-id=\"f1cb721\" data-element_type=\"section\" data-e-type=\"section\">\n\t\t\t\t\t\t<div class=\"elementor-container elementor-column-gap-default\">\n\t\t\t\t\t<div class=\"elementor-column elementor-col-100 elementor-top-column elementor-element elementor-element-b271cbd\" data-id=\"b271cbd\" data-element_type=\"column\" data-e-type=\"column\">\n\t\t\t<div class=\"elementor-widget-wrap elementor-element-populated\">\n\t\t\t\t\t\t<div class=\"elementor-element elementor-element-da87a38 elementor-widget elementor-widget-heading\" data-id=\"da87a38\" data-element_type=\"widget\" data-e-type=\"widget\" data-widget_type=\"heading.default\">\n\t\t\t\t\t<h2 class=\"elementor-heading-title elementor-size-default\">Blog<\/h2>\t\t\t\t<\/div>\n\t\t\t\t<div class=\"elementor-element elementor-element-a82a767 elementor-grid-3 elementor-grid-tablet-2 elementor-grid-mobile-1 elementor-posts--thumbnail-top elementor-widget elementor-widget-posts\" data-id=\"a82a767\" data-element_type=\"widget\" data-e-type=\"widget\" data-settings=\"{&quot;classic_columns&quot;:&quot;3&quot;,&quot;classic_columns_tablet&quot;:&quot;2&quot;,&quot;classic_columns_mobile&quot;:&quot;1&quot;,&quot;classic_row_gap&quot;:{&quot;unit&quot;:&quot;px&quot;,&quot;size&quot;:35,&quot;sizes&quot;:[]},&quot;classic_row_gap_tablet&quot;:{&quot;unit&quot;:&quot;px&quot;,&quot;size&quot;:&quot;&quot;,&quot;sizes&quot;:[]},&quot;classic_row_gap_mobile&quot;:{&quot;unit&quot;:&quot;px&quot;,&quot;size&quot;:&quot;&quot;,&quot;sizes&quot;:[]}}\" data-widget_type=\"posts.classic\">\n\t\t\t\t<div class=\"elementor-widget-container\">\n\t\t\t\t\t\t\t<div class=\"elementor-posts-container elementor-posts elementor-posts--skin-classic elementor-grid\" role=\"list\">\n\t\t\t\t<article class=\"elementor-post elementor-grid-item post-242 post type-post status-publish format-standard has-post-thumbnail hentry category-blog\" role=\"listitem\">\n\t\t\t\t<a class=\"elementor-post__thumbnail__link\" href=\"https:\/\/con5sentidos.com\/?p=242\" tabindex=\"-1\" >\n\t\t\t<div class=\"elementor-post__thumbnail\"><img decoding=\"async\" width=\"300\" height=\"100\" src=\"https:\/\/con5sentidos.com\/wp-content\/uploads\/2017\/04\/analogico_digital-300x100.jpg\" class=\"attachment-medium size-medium wp-image-243\" alt=\"\" srcset=\"https:\/\/con5sentidos.com\/wp-content\/uploads\/2017\/04\/analogico_digital-300x100.jpg 300w, https:\/\/con5sentidos.com\/wp-content\/uploads\/2017\/04\/analogico_digital.jpg 640w\" sizes=\"(max-width: 300px) 100vw, 300px\" \/><\/div>\n\t\t<\/a>\n\t\t\t\t<div class=\"elementor-post__text\">\n\t\t\t\t<h3 class=\"elementor-post__title\">\n\t\t\t<a href=\"https:\/\/con5sentidos.com\/?p=242\" >\n\t\t\t\tDel anal\u00f3gico al digital: Reflexiones de una realizadora senior\t\t\t<\/a>\n\t\t<\/h3>\n\t\t\t\t<div class=\"elementor-post__excerpt\">\n\t\t\t<p>Cuando decimos que en Con 5 Sentidos tenemos 25 a\u00f1os de experiencia, ya damos a entender que algunos de sus integrantes pertenecemos a esa generaci\u00f3n que vivi\u00f3 la transici\u00f3n del mundo anal\u00f3gico al digital y nos tuvimos \u201cque poner las pilas\u201d a marchas forzadas para no convertirnos en obsoletas piezas de museo.<\/p>\n\t\t<\/div>\n\t\t\n\t\t<a class=\"elementor-post__read-more\" href=\"https:\/\/con5sentidos.com\/?p=242\" aria-label=\"M\u00e1s informaci\u00f3n sobre Del anal\u00f3gico al digital: Reflexiones de una realizadora senior\" tabindex=\"-1\" >\n\t\t\tLeer m\u00e1s \u00bb\t\t<\/a>\n\n\t\t\t\t<\/div>\n\t\t\t\t<\/article>\n\t\t\t\t<article class=\"elementor-post elementor-grid-item post-230 post type-post status-publish format-standard has-post-thumbnail hentry category-blog\" role=\"listitem\">\n\t\t\t\t<a class=\"elementor-post__thumbnail__link\" href=\"https:\/\/con5sentidos.com\/?p=230\" tabindex=\"-1\" >\n\t\t\t<div class=\"elementor-post__thumbnail\"><img decoding=\"async\" width=\"300\" height=\"150\" src=\"https:\/\/con5sentidos.com\/wp-content\/uploads\/2017\/03\/header-300x150.jpg\" class=\"attachment-medium size-medium wp-image-15\" alt=\"\" srcset=\"https:\/\/con5sentidos.com\/wp-content\/uploads\/2017\/03\/header-300x150.jpg 300w, https:\/\/con5sentidos.com\/wp-content\/uploads\/2017\/03\/header-768x384.jpg 768w, https:\/\/con5sentidos.com\/wp-content\/uploads\/2017\/03\/header-1024x512.jpg 1024w, https:\/\/con5sentidos.com\/wp-content\/uploads\/2017\/03\/header.jpg 1200w\" sizes=\"(max-width: 300px) 100vw, 300px\" \/><\/div>\n\t\t<\/a>\n\t\t\t\t<div class=\"elementor-post__text\">\n\t\t\t\t<h3 class=\"elementor-post__title\">\n\t\t\t<a href=\"https:\/\/con5sentidos.com\/?p=230\" >\n\t\t\t\tCumplimos a\u00f1os y queremos compartirlo con todos vosotros\t\t\t<\/a>\n\t\t<\/h3>\n\t\t\t\t<div class=\"elementor-post__excerpt\">\n\t\t\t<p>Parece que fue ayer, pero ya han pasado diez a\u00f1itos desde que, en aquel lejano 2007, iniciamos nuestra andadura poniendo, no solo los cinco sentidos en ello, sino tambi\u00e9n una gran dosis de entusiasmo, much\u00edsima ilusi\u00f3n y un poquito de incertidumbre ante el camino que se nos abr\u00eda por delante.<\/p>\n\t\t<\/div>\n\t\t\n\t\t<a class=\"elementor-post__read-more\" href=\"https:\/\/con5sentidos.com\/?p=230\" aria-label=\"M\u00e1s informaci\u00f3n sobre Cumplimos a\u00f1os y queremos compartirlo con todos vosotros\" tabindex=\"-1\" >\n\t\t\tLeer m\u00e1s \u00bb\t\t<\/a>\n\n\t\t\t\t<\/div>\n\t\t\t\t<\/article>\n\t\t\t\t<\/div>\n\t\t\n\t\t\t\t\t\t<\/div>\n\t\t\t\t<\/div>\n\t\t\t\t\t<\/div>\n\t\t<\/div>\n\t\t\t\t\t<\/div>\n\t\t<\/section>\n\t\t\t\t<\/div>\n\t\t","protected":false},"excerpt":{"rendered":"<p>Blog<\/p>\n","protected":false},"author":1,"featured_media":0,"parent":0,"menu_order":0,"comment_status":"closed","ping_status":"closed","template":"","meta":{"footnotes":""},"class_list":["post-222","page","type-page","status-publish","hentry"],"_links":{"self":[{"href":"https:\/\/con5sentidos.com\/index.php?rest_route=\/wp\/v2\/pages\/222","targetHints":{"allow":["GET"]}}],"collection":[{"href":"https:\/\/con5sentidos.com\/index.php?rest_route=\/wp\/v2\/pages"}],"about":[{"href":"https:\/\/con5sentidos.com\/index.php?rest_route=\/wp\/v2\/types\/page"}],"author":[{"embeddable":true,"href":"https:\/\/con5sentidos.com\/index.php?rest_route=\/wp\/v2\/users\/1"}],"replies":[{"embeddable":true,"href":"https:\/\/con5sentidos.com\/index.php?rest_route=%2Fwp%2Fv2%2Fcomments&post=222"}],"version-history":[{"count":10,"href":"https:\/\/con5sentidos.com\/index.php?rest_route=\/wp\/v2\/pages\/222\/revisions"}],"predecessor-version":[{"id":351,"href":"https:\/\/con5sentidos.com\/index.php?rest_route=\/wp\/v2\/pages\/222\/revisions\/351"}],"wp:attachment":[{"href":"https:\/\/con5sentidos.com\/index.php?rest_route=%2Fwp%2Fv2%2Fmedia&parent=222"}],"curies":[{"name":"wp","href":"https:\/\/api.w.org\/{rel}","templated":true}]}}